n base 3, what is 10222011 - 110?
10221201
In base 2, what is 1000011111100 - 1?
1000011111011
In base 7, what is 246111 + 5?
246116
In base 14, what is 18 - 1c02?
-1bc8
In base 11, what is -149 - -64a8?
635a
In base 10, what is 0 - -10942?
10942
In base 13, what is -4 - -78524?
78520
In base 6, what is 230043 + -40?
230003
In base 7, what is 260205 - 1?
260204
In base 8, what is 4 - -232602?
232606
In base 12, what is 1 - 9ba9?
-9ba8
In base 11, what is -200506 + -2?
-200508
In base 15, what is 213e3 + 29?
2141c
In base 16, what is -152 + cf?
-83
In base 11, what is 1734 - 81?
1663
In base 12, what is -25 - -2890?
2867
In base 15, what is 5b - b7?
-5b
In base 3, what is -2101 + 1100201111?
1100122010
In base 5, what is -1322013120 + 3?
-1322013112
In base 11, what is -5 - a510?
-a515
In base 12, what is -3 + 1969?
1966
In base 5, what is -34204 - 202?
-34411
In base 15, what is 225 + -e4e?
-c29
In base 5, what is -1104312 - 233?
-1110100
In base 14, what is -4149 - 0?
-4149
In base 6, what is -2 - -52321?
52315
In base 15, what is 2643 + -1a?
2628
In base 6, what is 144 - 2304?
-2120
In base 13, what is -2c6caa + 4?
-2c6ca6
In base 3, what is -10211122 - 12?
-10211211
In base 13, what is 7641 - 75?
7599
In base 11, what is 17a - 139?
41
In base 9, what is 44726 + 1?
44727
In base 6, what is 114024 + -552?
113032
In base 6, what is -3 + 34515?
34512
In base 11, what is -25 + 12558?
12533
In base 11, what is -a7a + 49?
-a31
In base 15, what is -903b - 8?
-9044
In base 15, what is -14deb8 + 4?
-14deb4
In base 8, what is -2201657 - 0?
-2201657
In base 3, what is -1000 + 201000?
200000
In base 6, what is 0 - 53411?
-53411
In base 2, what is -100100010111 - -1001?
-100100001110
In base 3, what is 1211101002 - -10?
1211101012
In base 10, what is 135886 + 3?
135889
In base 5, what is 310 - -11342?
12202
In base 13, what is 4 - -c846?
c84a
In base 16, what is 852f - 7?
8528
In base 5, what is -120133112 + -10?
-120133122
In base 8, what is -3 - 1132002?
-1132005
In base 3, what is 1101 - 22000221?
-21222120
In base 16, what is 5 + 903c?
9041
In base 10, what is -51 + -129?
-180
In base 9, what is 2852645 + -1?
2852644
In base 4, what is -120331301 - -3?
-120331232
In base 15, what is 20365 - 16?
2034e
In base 11, what is -14 + 16638?
16624
In base 3, what is 12012201202011 - -2?
12012201202020
In base 11, what is -10035 + -3?
-10038
In base 3, what is -1021 - 1002101?
-1010122
In base 14, what is 5d3 + -506?
cb
In base 15, what is -265 - 141?
-3a6
In base 11, what is 3a13a - 3?
3a137
In base 6, what is 3 + 10341421?
10341424
In base 12, what is 14 - 2135?
-2121
In base 13, what is -4294 + 55?
-423c
In base 16, what is b29 - -bf?
be8
In base 10, what is -1124 + -418?
-1542
In base 11, what is -550 + 10?
-540
In base 12, what is 4 + 17428?
17430
In base 7, what is 4413 + -203?
4210
In base 13, what is -2 - 1606?
-1608
In base 2, what is -101000101001 - -10010?
-101000010111
In base 9, what is 4 - 253633?
-253628
In base 10, what is 45 - -73?
118
In base 14, what is 14c + 619?
767
In base 7, what is 512 - 115?
364
In base 6, what is -342211 - 11?
-342222
In base 3, what is 10020100201 - -102?
10020101010
In base 8, what is -3052 - -1107?
-1743
In base 8, what is 220 - -200?
420
In base 12, what is 3 - -5469b?
546a2
In base 6, what is 1441301 + 0?
1441301
In base 7, what is 541054 + -5?
541046
In base 2, what is 11111111 + -11010110000101?
-11010010000110
In base 7, what is -332001 - -3?
-331665
In base 3, what is -10 - -100021002?
100020222
In base 16, what is -1e8 + 178?
-70
In base 5, what is -12 - 1230411?
-1230423
In base 9, what is -3 + -64740?
-64743
In base 9, what is -2 + 2768727?
2768725
In base 14, what is -3 + -2115?
-2118
In base 2, what is -100010010010110 + 10100?
-100010010000010
In base 5, what is 3042 - -3424?
12021
In base 14, what is 3 - -364b?
3650
In base 3, what is -22010202210 + 0?
-22010202210
In base 10, what is -5 + -12291?
-12296
In base 2, what is -10 + -1111001001011100001?
-1111001001011100011
In base 7, what is -63043 - 326?
-63402
In base 10, what is 28352 - 19?
28333
In base 15, what is 12 - 1328?
-1316
In base 11, what is 306 - 22?
294
In base 5, what is 1 + -332110?
-332104
In base 9, what is -2 + -108232?
-108234
In base 14, what is -b5 + -b64?
-c39
In base 11, what is 188 - -808?
995
In base 10, what is -57483 - 4?
-57487
In base 6, what is 120 + -121033?
-120513
In base 3, what is -1221202 - 222202?
-2221111
In base 9, what is 284 + -577?
-283
In base 9, what is -367078 + -18?
-367107
In base 8, what is -1 - -75261?
75260
In base 14, what is -5 + -11037?
-1103c
In base 5, what is -3 + 1422113?
1422110
In base 13, what is -58 - 4704?
-475c
In base 11, what is -12729 - 3?
-12731
In base 8, what is 0 + 407426?
407426
In base 14, what is -1507 - 4a?
-1553
In base 13, what is -4 + 1194?
1190
In base 3, what is -211102120 + -100120?
-211210010
In base 11, what is -544 - 282?
-816
In base 13, what is 2a + -a306?
-a2a9
In base 9, what is -155 + 55?
-100
In base 7, what is 512 + -101?
411
In base 3, what is -200221 - 11?
-201002
In base 14, what is -6 - -b8c?
b86
In base 3, what is -10212102 - -1021111?
-2120221
In base 6, what is 320412 + 2?
320414
In base 12, what is -2 - -791?
78b
In base 10, what is -3 + 6234?
6231
In base 10, what is 3 - 505?
-502
In base 10, what is -3 + 1830881?
1830878
In base 11, what is 1053 - -114?
1167
In base 2, what is 11001010100 + -1001000?
11000001100
In base 16, what is 32d + 106?
433
In base 14, what is -39 + 249a?
2461
In base 13, what is -6 + 8274a?
82744
In base 4, what is 1 - 10232032?
-10232031
In base 3, what is -11111001 + -222022?
-12110100
In base 4, what is 31113 - 113302?
-22123
In base 6, what is -3 + -21445?
-21452
In base 16, what is 1 - 144e?
-144d
In base 3, what is 11221110101 + -2?
11221110022
In base 15, what is 3 - -2c92e?
2c932
In base 16, what is 7a769 - -3?
7a76c
In base 7, what is 13 + -2516060?
-2516044
In base 4, what is -2121313131 - 0?
-2121313131
In base 10, what is 261 - -268?
529
In base 6, what is 45003 - 1041?
43522
In base 10, what is -1589 + 30?
-1559
In base 12, what is -1432 - 599?
-1a0b
In base 16, what is 2a + 171?
19b
In base 7, what is 0 + 15142?
15142
In base 6, what is -235 - -43231?
42552
In base 14, what is -11a - 5a7?
-6c3
In base 13, what is a55 - -3?
a58
In base 7, what is -1036654 + 3?
-1036651
In base 13, what is 3 + -28b1b?
-28b18
In base 7, what is -2220563 + -3?
-2220566
In base 4, what is -11 + -1110312002?
-1110312013
In base 7, what is -460 + 64?
-363
In base 2, what is -100000000111010 - 11011000?
-100000100010010
In base 13, what is -110c2 - 5?
-110c7
In base 11, what is 4 - -63719?
63722
In base 12, what is -430a0 + 4?
-43098
In base 8, what is -52 - 45067?
-45141
In base 4, what is 132 + 311211?
312003
In base 4, what is -1330220 - 3?
-1330223
In base 7, what is -24666 + -56?
-25055
In base 8, what is 1453 + 116?
1571
In base 14, what is -8 - -88a8?
88a0
In base 13, what is -2 - ac023?
-ac025
In base 4, what is -12232 - 1122?
-20020
In base 16, what is 2 + 172df?
172e1
In base 12, what is 57 + 599?
634
In base 15, what is -4 - -8e6bc?
8e6b8
In base 7, what is -41 + 103626?
103555
In base 12, what is 4 - -7423?
7427
In base 5, what is -13023212 + -1?
-13023213
In base 15, what is 23 + -c6a?
-c47
In base 5, what is -3 - 3141?
-3144
In base 13, what is -ac - 63a?
-719
In base 7, what is -1 + -5013?
-5014
In base 10, what is 12741 - -5?
12746
In base 10, what is -982 - 1546?
-2528
In base 2, what is 1010100000 - -100100?
1011000100
In base 7, what is -23113 + 60?
-23023
In base 3, what is 12021011 + 2001?
12100012
In base 10, what is -1591 - -66?
-1525
In base 3, what is 20 + 1220021112?
1220021202
In base 3, what is -10 - 2111001021?
-2111001101
In base 7, what is -114400 - 252?
-114652
In base 6, what is 2 - 1545053?
-1545051
In base 11, what is 6201 + -4?
61a8
In base 9, what is 26578 + -8?
26570
In base 4, what is 210 - -1123?
1333
In base 16, what is 1 + 731c?
731d
In base 8, what is 232241 - 16?
232223
In base 11, what is -399a - 15?
-3a04
In base 8, what is 51 - 5264?
-5213
In base 5, what is 2104242 - 1?
2104241
In base 11, what is 4186 + -a7?
408a
In base 11, what is -4 - 22060?
-22064
In base 4, what is -22030113 - -11?
